{"id":3236,"date":"2023-10-28T20:32:19","date_gmt":"2023-10-28T20:32:19","guid":{"rendered":"https:\/\/www.tovarnanaweby.cz\/gymnazium\/?post_type=aktuality&#038;p=3236"},"modified":"2024-08-31T20:33:25","modified_gmt":"2024-08-31T20:33:25","slug":"vyroci-republiky-pietni-akt","status":"publish","type":"aktuality","link":"https:\/\/www.tovarnanaweby.cz\/gymnazium\/aktuality\/vyroci-republiky-pietni-akt\/","title":{"rendered":"V\u00fdro\u010d\u00ed republiky \u2013 pietn\u00ed akt"},"featured_media":0,"template":"","meta":[],"stitky":[122,89,123],"class_list":["post-3236","aktuality","type-aktuality","status-publish","hentry","stitky-aktivni-kladno","stitky-fotogalerie","stitky-knihovna"],"_links":{"self":[{"href":"https:\/\/www.tovarnanaweby.cz\/gymnazium\/wp-json\/wp\/v2\/aktuality\/3236","targetHints":{"allow":["GET"]}}],"collection":[{"href":"https:\/\/www.tovarnanaweby.cz\/gymnazium\/wp-json\/wp\/v2\/aktuality"}],"about":[{"href":"https:\/\/www.tovarnanaweby.cz\/gymnazium\/wp-json\/wp\/v2\/types\/aktuality"}],"wp:attachment":[{"href":"https:\/\/www.tovarnanaweby.cz\/gymnazium\/wp-json\/wp\/v2\/media?parent=3236"}],"wp:term":[{"taxonomy":"stitky","embeddable":true,"href":"https:\/\/www.tovarnanaweby.cz\/gymnazium\/wp-json\/wp\/v2\/stitky?post=3236"}],"curies":[{"name":"wp","href":"https:\/\/api.w.org\/{rel}","templated":true}]}}

Výročí republiky – pietní akt
