{"id":3222,"date":"2023-10-01T20:10:15","date_gmt":"2023-10-01T20:10:15","guid":{"rendered":"https:\/\/www.tovarnanaweby.cz\/gymnazium\/?post_type=aktuality&#038;p=3222"},"modified":"2024-08-31T20:11:33","modified_gmt":"2024-08-31T20:11:33","slug":"jirina-stepnickova-venovani-pametni-dlazdice","status":"publish","type":"aktuality","link":"https:\/\/www.tovarnanaweby.cz\/gymnazium\/aktuality\/jirina-stepnickova-venovani-pametni-dlazdice\/","title":{"rendered":"Ji\u0159ina \u0160t\u011bpni\u010dkov\u00e1 \u2013 V\u011bnov\u00e1n\u00ed pam\u011btn\u00ed dla\u017edice"},"featured_media":0,"template":"","meta":[],"stitky":[122,107,89,123,102],"class_list":["post-3222","aktuality","type-aktuality","status-publish","hentry","stitky-aktivni-kladno","stitky-aktuality","stitky-fotogalerie","stitky-knihovna","stitky-vytvarna-vychova"],"_links":{"self":[{"href":"https:\/\/www.tovarnanaweby.cz\/gymnazium\/wp-json\/wp\/v2\/aktuality\/3222","targetHints":{"allow":["GET"]}}],"collection":[{"href":"https:\/\/www.tovarnanaweby.cz\/gymnazium\/wp-json\/wp\/v2\/aktuality"}],"about":[{"href":"https:\/\/www.tovarnanaweby.cz\/gymnazium\/wp-json\/wp\/v2\/types\/aktuality"}],"wp:attachment":[{"href":"https:\/\/www.tovarnanaweby.cz\/gymnazium\/wp-json\/wp\/v2\/media?parent=3222"}],"wp:term":[{"taxonomy":"stitky","embeddable":true,"href":"https:\/\/www.tovarnanaweby.cz\/gymnazium\/wp-json\/wp\/v2\/stitky?post=3222"}],"curies":[{"name":"wp","href":"https:\/\/api.w.org\/{rel}","templated":true}]}}

Jiřina Štěpničková – Věnování pamětní dlaždice
