{"id":3221,"date":"2023-06-01T20:09:11","date_gmt":"2023-06-01T20:09:11","guid":{"rendered":"https:\/\/www.tovarnanaweby.cz\/gymnazium\/?post_type=aktuality&#038;p=3221"},"modified":"2024-08-31T20:10:11","modified_gmt":"2024-08-31T20:10:11","slug":"panenske-brezany-vila-k-h-franka-a-r-heydricha","status":"publish","type":"aktuality","link":"https:\/\/www.tovarnanaweby.cz\/gymnazium\/aktuality\/panenske-brezany-vila-k-h-franka-a-r-heydricha\/","title":{"rendered":"Panensk\u00e9 B\u0159e\u017eany &#8211; Vila K.H. Franka a R.Heydricha"},"featured_media":0,"template":"","meta":[],"stitky":[89,123],"class_list":["post-3221","aktuality","type-aktuality","status-publish","hentry","stitky-fotogalerie","stitky-knihovna"],"_links":{"self":[{"href":"https:\/\/www.tovarnanaweby.cz\/gymnazium\/wp-json\/wp\/v2\/aktuality\/3221","targetHints":{"allow":["GET"]}}],"collection":[{"href":"https:\/\/www.tovarnanaweby.cz\/gymnazium\/wp-json\/wp\/v2\/aktuality"}],"about":[{"href":"https:\/\/www.tovarnanaweby.cz\/gymnazium\/wp-json\/wp\/v2\/types\/aktuality"}],"wp:attachment":[{"href":"https:\/\/www.tovarnanaweby.cz\/gymnazium\/wp-json\/wp\/v2\/media?parent=3221"}],"wp:term":[{"taxonomy":"stitky","embeddable":true,"href":"https:\/\/www.tovarnanaweby.cz\/gymnazium\/wp-json\/wp\/v2\/stitky?post=3221"}],"curies":[{"name":"wp","href":"https:\/\/api.w.org\/{rel}","templated":true}]}}

Panenské Břežany &#8211; Vila K.H. Franka a R.Heydricha
