{"id":3214,"date":"2024-01-01T20:00:13","date_gmt":"2024-01-01T20:00:13","guid":{"rendered":"https:\/\/www.tovarnanaweby.cz\/gymnazium\/?post_type=aktuality&#038;p=3214"},"modified":"2024-08-31T20:03:52","modified_gmt":"2024-08-31T20:03:52","slug":"anna-letenska-venovani-pametni-dlazdice","status":"publish","type":"aktuality","link":"https:\/\/www.tovarnanaweby.cz\/gymnazium\/aktuality\/anna-letenska-venovani-pametni-dlazdice\/","title":{"rendered":"Anna Letensk\u00e1 &#8211; V\u011bnov\u00e1n\u00ed pam\u011btn\u00ed dla\u017edice"},"featured_media":0,"template":"","meta":[],"stitky":[122,107,89,123,102],"class_list":["post-3214","aktuality","type-aktuality","status-publish","hentry","stitky-aktivni-kladno","stitky-aktuality","stitky-fotogalerie","stitky-knihovna","stitky-vytvarna-vychova"],"_links":{"self":[{"href":"https:\/\/www.tovarnanaweby.cz\/gymnazium\/wp-json\/wp\/v2\/aktuality\/3214","targetHints":{"allow":["GET"]}}],"collection":[{"href":"https:\/\/www.tovarnanaweby.cz\/gymnazium\/wp-json\/wp\/v2\/aktuality"}],"about":[{"href":"https:\/\/www.tovarnanaweby.cz\/gymnazium\/wp-json\/wp\/v2\/types\/aktuality"}],"wp:attachment":[{"href":"https:\/\/www.tovarnanaweby.cz\/gymnazium\/wp-json\/wp\/v2\/media?parent=3214"}],"wp:term":[{"taxonomy":"stitky","embeddable":true,"href":"https:\/\/www.tovarnanaweby.cz\/gymnazium\/wp-json\/wp\/v2\/stitky?post=3214"}],"curies":[{"name":"wp","href":"https:\/\/api.w.org\/{rel}","templated":true}]}}

Anna Letenská &#8211; Věnování pamětní dlaždice
